{"id":226,"date":"2021-02-08T15:12:52","date_gmt":"2021-02-08T14:12:52","guid":{"rendered":"https:\/\/www.dolkbg.net\/wordpress\/?page_id=226"},"modified":"2021-04-06T14:41:11","modified_gmt":"2021-04-06T13:41:11","slug":"samfunnssikkerhet-og-beredskap","status":"publish","type":"page","link":"https:\/\/nuam.usn.no\/index.php\/norges-dronestrategi\/samfunnssikkerhet-og-beredskap\/","title":{"rendered":"Samfunnssikkerhet og beredskap"},"content":{"rendered":"\n<h3 class=\"has-vivid-cyan-blue-color has-text-color wp-block-heading\">Regjeringen vil:<\/h3>\n\n\n\n<div class=\"wp-block-image is-style-default\"><figure class=\"alignright size-large is-resized\"><img loading=\"lazy\" decoding=\"async\" src=\"https:\/\/nuam.usn.no\/wp-content\/uploads\/2021\/02\/Bilde_2021-02-08_151134.png\" alt=\"\" class=\"wp-image-229\" width=\"183\" height=\"131\"\/><figcaption>(Foto: Anders Martinsen) <\/figcaption><\/figure><\/div>\n\n\n\n<ul class=\"wp-block-list\"><li>Bidra aktivt i arbeidet med utforming av det felleseuropeiske regelverket om droner. Norske tilleggsregler skal v\u00e6re best mulig tilpasset forutsetningene for luftfart med droner i Norge.<\/li><li>Legge til rette for at Luftfartstilsynet kan m\u00f8te behovet for \u00f8kt tilsyn og kontroll med drone-operat\u00f8rer.<\/li><li>Arbeide for at droneoperat\u00f8rer blir del av sikkerhetskulturen som ellers preger luftfarten i Norge gjennom samarbeid med dronebransjen.<\/li><li>Legge til rette for at droneteknologi tas i bruk innen luftfarten i tilfeller dette vil gi en sikkerhetsgevinst.<\/li><li>Arbeide for \u00e5 gj\u00f8re totalinformasjon om regelverket (for eksempel luftfartsregler, regler om personvern, restriksjons- og verneomr\u00e5der) lett tilgjengelig for droneoperat\u00f8r.<\/li><\/ul>\n","protected":false},"excerpt":{"rendered":"<p>Regjeringen vil: Bidra aktivt i arbeidet med utforming av det felleseuropeiske regelverket om droner. Norske tilleggsregler skal v\u00e6re best mulig tilpasset forutsetningene for luftfart med droner i Norge. Legge til rette for at Luftfartstilsynet kan m\u00f8te behovet for \u00f8kt tilsyn og kontroll med drone-operat\u00f8rer. Arbeide for at droneoperat\u00f8rer blir del av sikkerhetskulturen som ellers preger luftfarten i Norge gjennom samarbeid med dronebransjen. Legge til rette for at droneteknologi tas i bruk innen luftfarten i tilfeller &hellip; <\/p>\n<p class=\"link-more\"><a href=\"https:\/\/nuam.usn.no\/index.php\/norges-dronestrategi\/samfunnssikkerhet-og-beredskap\/\" class=\"more-link btn btn-default\" title=\"Samfunnssikkerhet og beredskap\" data-toggle=\"tooltip\" data-placement=\"bottom\" aria-hidden=\"true\"><span class=\"fa fa-eye\"><\/span> Continue reading<\/a><\/p>\n","protected":false},"author":1,"featured_media":298,"parent":169,"menu_order":4,"comment_status":"closed","ping_status":"closed","template":"","meta":{"footnotes":""},"class_list":["post-226","page","type-page","status-publish","has-post-thumbnail","hentry"],"_links":{"self":[{"href":"https:\/\/nuam.usn.no\/index.php\/wp-json\/wp\/v2\/pages\/226","targetHints":{"allow":["GET"]}}],"collection":[{"href":"https:\/\/nuam.usn.no\/index.php\/wp-json\/wp\/v2\/pages"}],"about":[{"href":"https:\/\/nuam.usn.no\/index.php\/wp-json\/wp\/v2\/types\/page"}],"author":[{"embeddable":true,"href":"https:\/\/nuam.usn.no\/index.php\/wp-json\/wp\/v2\/users\/1"}],"replies":[{"embeddable":true,"href":"https:\/\/nuam.usn.no\/index.php\/wp-json\/wp\/v2\/comments?post=226"}],"version-history":[{"count":2,"href":"https:\/\/nuam.usn.no\/index.php\/wp-json\/wp\/v2\/pages\/226\/revisions"}],"predecessor-version":[{"id":777,"href":"https:\/\/nuam.usn.no\/index.php\/wp-json\/wp\/v2\/pages\/226\/revisions\/777"}],"up":[{"embeddable":true,"href":"https:\/\/nuam.usn.no\/index.php\/wp-json\/wp\/v2\/pages\/169"}],"wp:featuredmedia":[{"embeddable":true,"href":"https:\/\/nuam.usn.no\/index.php\/wp-json\/wp\/v2\/media\/298"}],"wp:attachment":[{"href":"https:\/\/nuam.usn.no\/index.php\/wp-json\/wp\/v2\/media?parent=226"}],"curies":[{"name":"wp","href":"https:\/\/api.w.org\/{rel}","templated":true}]}}