{"id":234,"date":"2021-02-10T09:49:20","date_gmt":"2021-02-10T08:49:20","guid":{"rendered":"https:\/\/www.dolkbg.net\/wordpress\/?page_id=234"},"modified":"2021-04-07T12:33:54","modified_gmt":"2021-04-07T11:33:54","slug":"noen-begreper","status":"publish","type":"page","link":"https:\/\/nuam.usn.no\/index.php\/hva-er-uam\/noen-begreper\/","title":{"rendered":"Noen begreper"},"content":{"rendered":"\n<p class=\"has-text-align-center\">Punktene under er hentet fra Regjeringens Droneprogram 2018<\/p>\n\n\n\n<hr class=\"wp-block-separator\"\/>\n\n\n\n<h2 class=\"has-text-align-center has-vivid-cyan-blue-color has-text-color wp-block-heading\">Single European Sky (SES)<\/h2>\n\n\n\n<div class=\"wp-block-media-text alignwide is-stacked-on-mobile\" style=\"grid-template-columns:15% auto\"><figure class=\"wp-block-media-text__media\"><img loading=\"lazy\" decoding=\"async\" width=\"250\" height=\"218\" src=\"https:\/\/nuam.usn.no\/wp-content\/uploads\/2021\/02\/single-european-sky-developments-03-122.jpg\" alt=\"\" class=\"wp-image-293 size-full\"\/><\/figure><div class=\"wp-block-media-text__content\">\n<p>Lovgivningspakken om Single European Sky ble vedtatt i EU i 2004. Den har lagt grunnlaget for en rekke forbedringer i norsk og europeisk luftfart gjennom harmonisering av sikkerhetskrav og tekniske standarder.<br><br>Overordnede m\u00e5l for Single European Sky-lovgivningen er:<\/p>\n\n\n\n<ul class=\"wp-block-list\" id=\"block-ea1add6f-080c-4fa8-8bb0-8a52261e9549\"><li>\u00d8ke sikkerhetsniv\u00e5et vesentlig<\/li><li>Halvere kostnadene for flysikringstjenestene<\/li><li>Redusere milj\u00f8belastningene<\/li><li>Doble trafikkavviklingskapasiteten\/redusere forsinkelser<\/li><\/ul>\n\n\n\n<p><\/p>\n<\/div><\/div>\n\n\n\n<hr class=\"wp-block-separator\"\/>\n\n\n\n<h2 class=\"alignfull has-text-align-center has-vivid-cyan-blue-color has-text-color wp-block-heading\">SESAR &#8211; Single European Sky ATM Research<\/h2>\n\n\n\n<div class=\"wp-block-media-text alignwide is-stacked-on-mobile is-image-fill\" style=\"grid-template-columns:15% auto\"><figure class=\"wp-block-media-text__media\" style=\"background-image:url(https:\/\/nuam.usn.no\/wp-content\/uploads\/2021\/02\/volocity-paris-2020-1-e1615549558787.jpg);background-position:50% 50%\"><img loading=\"lazy\" decoding=\"async\" width=\"151\" height=\"158\" src=\"https:\/\/nuam.usn.no\/wp-content\/uploads\/2021\/02\/volocity-paris-2020-1-e1615549558787.jpg\" alt=\"\" class=\"wp-image-266 size-full\"\/><\/figure><div class=\"wp-block-media-text__content\">\n<p>SESAR koordinerer og organiserer all forskning og utvikling i EU knyttet til lufttrafikkstyring. Organisasjonen best\u00e5r i dag av omkring 3000 forskere og andre eksperter i og utenfor EU.<br>SESARs forskningsprogram har som m\u00e5lsetning \u00e5 levere sikre, funksjonelle og teknologiske l\u00f8sninger for luftfarten. I samarbeid med dronebransjen har SESAR utformet en visjon for droneoperasjoner i fremtiden kalt U-Space. Med U-Space s\u00f8ker forskerne \u00e5 muliggj\u00f8re komplekse droneoperasjoner i byer og urbane str\u00f8k gjennom h\u00f8y grad av automatisering og sikker teknologi.<br>(Foto: Volocopter)<\/p>\n<\/div><\/div>\n\n\n\n<hr class=\"wp-block-separator\"\/>\n\n\n\n<h2 class=\"alignwide has-text-align-center has-vivid-cyan-blue-color has-text-color wp-block-heading\">U-Space<\/h2>\n\n\n\n<div class=\"wp-block-media-text alignwide is-stacked-on-mobile is-vertically-aligned-center\" style=\"grid-template-columns:15% auto\"><figure class=\"wp-block-media-text__media\"><img loading=\"lazy\" decoding=\"async\" width=\"800\" height=\"445\" src=\"https:\/\/nuam.usn.no\/wp-content\/uploads\/2021\/02\/U-space-800x445-1.jpg\" alt=\"\" class=\"wp-image-270 size-full\"\/><\/figure><div class=\"wp-block-media-text__content\">\n<p>U-Space er et sett med tjenester og tekniske systemer laget for \u00e5 st\u00f8tte sikker og effektiv integrering av droner i luftrommet. Tjenestene er avhengige av digitalisering og automatisering av funksjoner, b\u00e5de i luftb\u00e5rne og bakkebaserte elementer. U-Space skaper et rammeverk for \u00e5 st\u00f8tte droneoperasjoner ved \u00e5 integrere droner og bemannet lufttrafikk i samme luftrom, samt ved \u00e5 skape et grensesnitt mellom dronetrafikk, lufttrafikktjenesten og relevante myndigheter. U-Space er ikke begrenset til luftrom i lave h\u00f8yder, men det er forventet at hoveddelen av trafikk vil finne sted i luftrom opptil 120 meter.<br><br>Det er SESAR som har laget skissen til U-Space. Konseptet muliggj\u00f8r komplekse drone-operasjoner med h\u00f8y grad av automatisering i alle typer driftsmilj\u00f8er, spesielt i urbane str\u00f8k. N\u00e5r U-Space er fullt ut integrert vil et bredt spekter av droneoppdrag, som for \u00f8yeblikket er forbudt \u00e5 gjennomf\u00f8re, v\u00e6re mulig \u00e5 utf\u00f8re p\u00e5 grunn av et helautomatisert og robust \u00f8kosystem for luftfart\u00f8y.<br><br>EU-kommisjonen, EASA, myndigheter i EU\/E\u00d8S-landene og akt\u00f8rer innen dronebransjen diskuterer hvordan U-Space kan introduseres gradvis med sikte p\u00e5 en fullverdig implementering av konseptet innen 2030.<\/p>\n<\/div><\/div>\n\n\n\n<hr class=\"wp-block-separator\"\/>\n\n\n\n<h2 class=\"has-text-align-center has-vivid-cyan-blue-color has-text-color wp-block-heading\">Geo-fencing<\/h2>\n\n\n\n<div class=\"wp-block-media-text alignwide is-stacked-on-mobile\" style=\"grid-template-columns:15% auto\"><figure class=\"wp-block-media-text__media\"><img loading=\"lazy\" decoding=\"async\" width=\"150\" height=\"150\" src=\"https:\/\/nuam.usn.no\/wp-content\/uploads\/2021\/02\/kisspng-computer-icons-font-awesome-clip-art-geo-fence-150x150-1.png\" alt=\"\" class=\"wp-image-290 size-full\"\/><\/figure><div class=\"wp-block-media-text__content\">\n<p>Geo-fencing best\u00e5r av geografiske grenseverdier som begrenser hvor en drone kan fly &#8211; b\u00e5de i horisontal- og vertikalplanet. Geo-fencing kan brukes til \u00e5 holde droner innenfor eller utenfor et bestemt omr\u00e5de, for eksempel ambassader, fengsler og offentlige bygg. Omr\u00e5det kan v\u00e6re permanent eller midlertidig avgrenset.<br>Grenseverdiene er koblet til navigasjonssystemet dronen bruker slik at den ikke kan krysse definerte grenser under flyging. Geo-fencing anses som et egnet virkemiddel for \u00e5 hindre droner adgang til omr\u00e5der det ikke er tillatt med flyging.<\/p>\n<\/div><\/div>\n\n\n\n<hr class=\"wp-block-separator\"\/>\n\n\n\n<p><\/p>\n","protected":false},"excerpt":{"rendered":"<p>Punktene under er hentet fra Regjeringens Droneprogram 2018 Single European Sky (SES) Lovgivningspakken om Single European Sky ble vedtatt i EU i 2004. Den har lagt grunnlaget for en rekke forbedringer i norsk og europeisk luftfart gjennom harmonisering av sikkerhetskrav og tekniske standarder. Overordnede m\u00e5l for Single European Sky-lovgivningen er: \u00d8ke sikkerhetsniv\u00e5et vesentlig Halvere kostnadene for flysikringstjenestene Redusere milj\u00f8belastningene Doble trafikkavviklingskapasiteten\/redusere forsinkelser SESAR &#8211; Single European Sky ATM Research SESAR koordinerer og organiserer all forskning &hellip; <\/p>\n<p class=\"link-more\"><a href=\"https:\/\/nuam.usn.no\/index.php\/hva-er-uam\/noen-begreper\/\" class=\"more-link btn btn-default\" title=\"Noen begreper\" data-toggle=\"tooltip\" data-placement=\"bottom\" aria-hidden=\"true\"><span class=\"fa fa-eye\"><\/span> Continue reading<\/a><\/p>\n","protected":false},"author":1,"featured_media":298,"parent":127,"menu_order":0,"comment_status":"closed","ping_status":"closed","template":"","meta":{"footnotes":""},"class_list":["post-234","page","type-page","status-publish","has-post-thumbnail","hentry"],"_links":{"self":[{"href":"https:\/\/nuam.usn.no\/index.php\/wp-json\/wp\/v2\/pages\/234","targetHints":{"allow":["GET"]}}],"collection":[{"href":"https:\/\/nuam.usn.no\/index.php\/wp-json\/wp\/v2\/pages"}],"about":[{"href":"https:\/\/nuam.usn.no\/index.php\/wp-json\/wp\/v2\/types\/page"}],"author":[{"embeddable":true,"href":"https:\/\/nuam.usn.no\/index.php\/wp-json\/wp\/v2\/users\/1"}],"replies":[{"embeddable":true,"href":"https:\/\/nuam.usn.no\/index.php\/wp-json\/wp\/v2\/comments?post=234"}],"version-history":[{"count":6,"href":"https:\/\/nuam.usn.no\/index.php\/wp-json\/wp\/v2\/pages\/234\/revisions"}],"predecessor-version":[{"id":779,"href":"https:\/\/nuam.usn.no\/index.php\/wp-json\/wp\/v2\/pages\/234\/revisions\/779"}],"up":[{"embeddable":true,"href":"https:\/\/nuam.usn.no\/index.php\/wp-json\/wp\/v2\/pages\/127"}],"wp:featuredmedia":[{"embeddable":true,"href":"https:\/\/nuam.usn.no\/index.php\/wp-json\/wp\/v2\/media\/298"}],"wp:attachment":[{"href":"https:\/\/nuam.usn.no\/index.php\/wp-json\/wp\/v2\/media?parent=234"}],"curies":[{"name":"wp","href":"https:\/\/api.w.org\/{rel}","templated":true}]}}