{"id":533,"date":"2021-03-10T09:58:08","date_gmt":"2021-03-10T08:58:08","guid":{"rendered":"http:\/\/158.36.73.236\/?page_id=533"},"modified":"2021-05-03T10:14:09","modified_gmt":"2021-05-03T09:14:09","slug":"nyttige-linker","status":"publish","type":"page","link":"https:\/\/nuam.usn.no\/index.php\/nyttige-linker\/","title":{"rendered":"Nyttige linker"},"content":{"rendered":"\n<p class=\"has-text-align-right has-small-font-size\">Image by Tim Hill from Pixabay<\/p>\n\n\n\n<figure class=\"wp-block-table\"><table><tbody><tr><td><a href=\"https:\/\/avinor.no\/flysikring\/\" data-type=\"URL\" data-id=\"https:\/\/avinor.no\/flysikring\/\"><span class=\"has-inline-color has-vivid-cyan-blue-color\">https:\/\/avinor.no\/flysikring\/<\/span><\/a><\/td><td>Generel informasjon om Avinor Flysikring og bruk av droner rundt Avinor sine flyplasser<\/td><\/tr><tr><td><a href=\"https:\/\/luftfartstilsynet.no\/droner\"><span class=\"has-inline-color has-vivid-cyan-blue-color\">https:\/\/luftfartstilsynet.no\/droner<\/span><\/a><\/td><td>Lover regler rundt bruk av droner i Norge<\/td><\/tr><tr><td><a href=\"https:\/\/www.uasnorway.no\/uas-norway\/\"><span class=\"has-inline-color has-vivid-cyan-blue-color\">https:\/\/www.uasnorway.no\/uas-norway\/<\/span><\/a><\/td><td>Interesseorganisasjon for <strong>alle<\/strong> brukere av droner i Norge (Anbefales!)<\/td><\/tr><tr><td><a href=\"https:\/\/www.eurocontrol.int\/unmanned-aircraft-systems\"><span class=\"has-inline-color has-vivid-cyan-blue-color\">https:\/\/www.eurocontrol.int\/unmanned-aircraft-systems<\/span><\/a><\/td><td>Interesseorganisasjon som jobber for et felles system for kontroll av Europeisk luftrom.<\/td><\/tr><tr><td><a href=\"https:\/\/nari.arc.nasa.gov\/aam-portal\/\"><span class=\"has-inline-color has-vivid-cyan-blue-color\">https:\/\/nari.arc.nasa.gov\/aam-portal\/<\/span><\/a><\/td><td>NASA Advanced Air Mobility Portal. Her finner du mye om arbeidet med \u00e5 gj\u00f8re luftrommet tilgjengelig for fremtidens lufttrafikk i USA<\/td><\/tr><tr><td><a href=\"https:\/\/www.sintef.no\/en\/expertise\/information-and-communication-technology-ict\/applied-mathematics\/aviation\/drones-and-robotics\/\"><span class=\"has-inline-color has-vivid-cyan-blue-color\">https:\/\/www.sintef.no\/en\/expertise\/information-and-communication-technology-ict\/applied-mathematics\/aviation\/drones-and-robotics\/<\/span><\/a><\/td><td>Presentasjon av SINTEF sitt arbeid med autonome droner og roboter.<\/td><\/tr><tr><td><a href=\"https:\/\/startuplab.no\/mobilitylab\/\"><span class=\"has-inline-color has-vivid-cyan-blue-color\">https:\/\/startuplab.no\/mobilitylab\/<\/span><\/a><\/td><td>Oslo Startup Lab sin nettside for Mobilitet<\/td><\/tr><tr><td><a href=\"https:\/\/oslosciencecity.no\"><span class=\"has-inline-color has-vivid-cyan-blue-color\">https:\/\/oslosciencecity.no<\/span><\/a><\/td><td>Oslo by sitt innovasjonsdistrikt for utvikling av et b\u00e6rekraftig og moderne Norge.<\/td><\/tr><tr><td><a href=\"https:\/\/ife.no\"><span class=\"has-inline-color has-vivid-cyan-blue-color\">https:\/\/ife.no<\/span><\/a><\/td><td>Instituttet For Energiteknikk. Ledende forskningsbedrift innen en rekke omr\u00e5der inkludert sikkerhet, cybersikkerhet, materialteknologi og lufttrafikk.<\/td><\/tr><tr><td><a href=\"https:\/\/www.greenflyway.se\"><span class=\"has-inline-color has-vivid-cyan-blue-color\">https:\/\/www.greenflyway.se<\/span><\/a><\/td><td>Norsk-Svensk testarena for fremtidens elektrisk-drevne luftfart\u00f8yer lokalisert midt i Norge\/Sverige.<\/td><\/tr><tr><td><a href=\"https:\/\/www.norceresearch.no\"><span class=\"has-inline-color has-vivid-cyan-blue-color\">https:\/\/www.norceresearch.no<\/span><\/a><\/td><td>Norwegian Research Centre. Uavhengig norsk forskningsinstitutt<\/td><\/tr><tr><td><a href=\"https:\/\/sams-norway.no\"><span class=\"has-inline-color has-vivid-cyan-blue-color\">https:\/\/sams-norway.no<\/span><\/a><\/td><td>Forretningsklynge for utvikling av b\u00e6rekraftige autonome transportl\u00f8sninger for bruk p\u00e5 land, p\u00e5 sj\u00f8 og i luften.<\/td><\/tr><tr><td><a href=\"https:\/\/its-norway.no\" data-type=\"URL\" data-id=\"https:\/\/its-norway.no\"><span class=\"has-inline-color has-vivid-cyan-blue-color\">https:\/\/its-norway.no<\/span><\/a><\/td><td>Medlemsforening for alle akt\u00f8rer i transportbransjen<\/td><\/tr><tr><td><a href=\"https:\/\/transportup.com\">https:\/\/transportup.com<\/a><\/td><td>Kilde til mye informasjon om utviklingen innen UAM<\/td><\/tr><tr><td><a href=\"https:\/\/kongsberginnovasjon.no\/kongsberg-klyngen\/\">https:\/\/kongsberginnovasjon.no\/kongsberg-klyngen\/<\/a><\/td><td>Kongsberg klyngen arbeider med flere prosjekter med form\u00e5l om \u00e5 fremme innovasjon, utforske nye forretningsmuligheter og fremskynde utviklingen av ny teknologi.<\/td><\/tr><tr><td><a href=\"https:\/\/www.futureflight.aero\/\" data-type=\"URL\" target=\"_blank\" rel=\"noreferrer noopener\">https:\/\/www.futureflight.aero\/<\/a><\/td><td>Mange spennende artikler og nyheter om prosjekter innen mobilitet i luftrommet.<\/td><\/tr><\/tbody><\/table><\/figure>\n\n\n\n<p><\/p>\n","protected":false},"excerpt":{"rendered":"<p>Image by Tim Hill from Pixabay https:\/\/avinor.no\/flysikring\/ Generel informasjon om Avinor Flysikring og bruk av droner rundt Avinor sine flyplasser https:\/\/luftfartstilsynet.no\/droner Lover regler rundt bruk av droner i Norge https:\/\/www.uasnorway.no\/uas-norway\/ Interesseorganisasjon for alle brukere av droner i Norge (Anbefales!) https:\/\/www.eurocontrol.int\/unmanned-aircraft-systems Interesseorganisasjon som jobber for et felles system for kontroll av Europeisk luftrom. https:\/\/nari.arc.nasa.gov\/aam-portal\/ NASA Advanced Air Mobility Portal. Her finner du mye om arbeidet med \u00e5 gj\u00f8re luftrommet tilgjengelig for fremtidens lufttrafikk i USA https:\/\/www.sintef.no\/en\/expertise\/information-and-communication-technology-ict\/applied-mathematics\/aviation\/drones-and-robotics\/ &hellip; <\/p>\n<p class=\"link-more\"><a href=\"https:\/\/nuam.usn.no\/index.php\/nyttige-linker\/\" class=\"more-link btn btn-default\" title=\"Nyttige linker\" data-toggle=\"tooltip\" data-placement=\"bottom\" aria-hidden=\"true\"><span class=\"fa fa-eye\"><\/span> Continue reading<\/a><\/p>\n","protected":false},"author":1,"featured_media":504,"parent":0,"menu_order":0,"comment_status":"closed","ping_status":"closed","template":"","meta":{"footnotes":""},"class_list":["post-533","page","type-page","status-publish","has-post-thumbnail","hentry"],"_links":{"self":[{"href":"https:\/\/nuam.usn.no\/index.php\/wp-json\/wp\/v2\/pages\/533","targetHints":{"allow":["GET"]}}],"collection":[{"href":"https:\/\/nuam.usn.no\/index.php\/wp-json\/wp\/v2\/pages"}],"about":[{"href":"https:\/\/nuam.usn.no\/index.php\/wp-json\/wp\/v2\/types\/page"}],"author":[{"embeddable":true,"href":"https:\/\/nuam.usn.no\/index.php\/wp-json\/wp\/v2\/users\/1"}],"replies":[{"embeddable":true,"href":"https:\/\/nuam.usn.no\/index.php\/wp-json\/wp\/v2\/comments?post=533"}],"version-history":[{"count":12,"href":"https:\/\/nuam.usn.no\/index.php\/wp-json\/wp\/v2\/pages\/533\/revisions"}],"predecessor-version":[{"id":954,"href":"https:\/\/nuam.usn.no\/index.php\/wp-json\/wp\/v2\/pages\/533\/revisions\/954"}],"wp:featuredmedia":[{"embeddable":true,"href":"https:\/\/nuam.usn.no\/index.php\/wp-json\/wp\/v2\/media\/504"}],"wp:attachment":[{"href":"https:\/\/nuam.usn.no\/index.php\/wp-json\/wp\/v2\/media?parent=533"}],"curies":[{"name":"wp","href":"https:\/\/api.w.org\/{rel}","templated":true}]}}